{"id":59,"date":"2021-11-05T13:32:19","date_gmt":"2021-11-05T13:32:19","guid":{"rendered":"http:\/\/rulevolution.pt\/?page_id=59"},"modified":"2023-03-20T12:12:33","modified_gmt":"2023-03-20T12:12:33","slug":"politica-privacidade","status":"publish","type":"page","link":"https:\/\/balconytalents.pt\/?page_id=59","title":{"rendered":"Pol\u00edtica de privacidade"},"content":{"rendered":"\n<p>Quem somos<\/p>\n\n\n\n<p>O endere\u00e7o do nosso site \u00e9: https:\/\/balconytalents.pt<\/p>\n\n\n\n<p>Que dados pessoais s\u00e3o recolhidos e porqu\u00ea<\/p>\n\n\n\n<p>coment\u00e1rios<\/p>\n\n\n\n<p>Quando os visitantes deixam coment\u00e1rios no site, os dados do formul\u00e1rio de coment\u00e1rios, bem como o endere\u00e7o IP e o agente do usu\u00e1rio do navegador, s\u00e3o registados para ajudar na dete\u00e7\u00e3o de spam.<\/p>\n\n\n\n<p>Uma string an\u00f4nima criada a partir do seu endere\u00e7o de e-mail (tamb\u00e9m chamada de hash) pode ser enviada ao servi\u00e7o Gravatar para verificar se voc\u00ea a est\u00e1 usando. A pol\u00edtica de privacidade do servi\u00e7o Gravatar est\u00e1 dispon\u00edvel aqui: https:\/\/automattic.com\/privacy\/. Depois que seu coment\u00e1rio for validado, sua foto de perfil ficar\u00e1 vis\u00edvel publicamente ao lado de seu coment\u00e1rio.<\/p>\n\n\n\n<p>Multim\u00e9dia<\/p>\n\n\n\n<p>Ao fazer upload de imagens para o site, voc\u00ea deve evitar o upload de imagens com dados de geolocaliza\u00e7\u00e3o incorporados (EXIF GPS). Os visitantes podem baixar e extrair dados de geolocaliza\u00e7\u00e3o de imagens no site.<\/p>\n\n\n\n<p>Formul\u00e1rios de contacto<\/p>\n\n\n\n<p>Biscoitos<\/p>\n\n\n\n<p>Se voc\u00ea deixar um coment\u00e1rio em nosso site, poder\u00e1 optar por salvar seu nome, endere\u00e7o de e-mail e site nos cookies. Isso \u00e9 para sua conveni\u00eancia, para que voc\u00ea n\u00e3o precise inserir novamente seus dados ao deixar outro coment\u00e1rio. Esses cookies duram um ano.<\/p>\n\n\n\n<p>Se voc\u00ea visitar a p\u00e1gina de login, um cookie tempor\u00e1rio ser\u00e1 definido para determinar se seu navegador aceita cookies. Este cookie n\u00e3o cont\u00e9m dados pessoais e ser\u00e1 exclu\u00eddo quando voc\u00ea fechar o navegador.<\/p>\n\n\n\n<p>Quando voc\u00ea faz login, alguns cookies s\u00e3o configurados para armazenar suas informa\u00e7\u00f5es de sess\u00e3o e suas op\u00e7\u00f5es de exibi\u00e7\u00e3o de tela. Os cookies de login duram um ano. Se voc\u00ea selecionar &#8220;Lembrar-me&#8221;, sua sess\u00e3o persistir\u00e1 por duas semanas. Quando voc\u00ea sair, os cookies de login ser\u00e3o exclu\u00eddos.<\/p>\n\n\n\n<p>Se voc\u00ea editar ou publicar um artigo, um cookie adicional ser\u00e1 salvo em seu navegador. Este cookie n\u00e3o inclui dados pessoais, apenas indica o ID do conte\u00fado do artigo que voc\u00ea acabou de editar. Expira ap\u00f3s 1 dia.<\/p>\n\n\n\n<p>Conte\u00fado incorporado de outros sites<\/p>\n\n\n\n<p>Os artigos deste site podem incluir conte\u00fado incorporado (por exemplo, v\u00eddeos, imagens, artigos, etc.). O conte\u00fado incorporado de outros sites se comporta como se voc\u00ea estivesse visitando esses sites.<\/p>\n\n\n\n<p>Este site pode coletar dados sobre voc\u00ea, usar cookies, incorporar rastreamento de terceiros, monitorizar suas intera\u00e7\u00f5es com ele, incluindo registar intera\u00e7\u00f5es com conte\u00fado incorporado se voc\u00ea tiver uma conta e estiver conectado a este site.<\/p>\n\n\n\n<p>Dados anal\u00edticos<\/p>\n\n\n\n<p>Com quem seus dados s\u00e3o compartilhados<\/p>\n\n\n\n<p>Por quanto tempo seus dados s\u00e3o mantidos<\/p>\n\n\n\n<p>Se voc\u00ea deixar um coment\u00e1rio, o coment\u00e1rio e seus metadados ser\u00e3o salvos indefinidamente. Isso \u00e9 para que voc\u00ea possa reconhecer e aprovar automaticamente quaisquer coment\u00e1rios que se seguem, em vez de coloc\u00e1-los em uma fila de modera\u00e7\u00e3o.<\/p>\n\n\n\n<p>Para usu\u00e1rios que se registem no nosso site (se aplic\u00e1vel), armazenamos as informa\u00e7\u00f5es pessoais que voc\u00ea fornece em seu perfil de usu\u00e1rio. Todos os usu\u00e1rios podem visualizar, editar ou excluir suas informa\u00e7\u00f5es pessoais a qualquer momento (exceto que n\u00e3o podem alterar seu nome de usu\u00e1rio). Os administradores do site tamb\u00e9m podem visualizar e editar essas informa\u00e7\u00f5es.<\/p>\n\n\n\n<p>Que direitos tem sobre os seus dados?<\/p>\n\n\n\n<p>Caso tenha uma conta neste site, ou tenha deixado coment\u00e1rios, pode solicitar o recebimento de um arquivo de exporta\u00e7\u00e3o com os dados pessoais armazenados sobre voc\u00ea, incluindo os dados pessoais que voc\u00ea forneceu. Voc\u00ea tamb\u00e9m pode solicitar que os dados armazenados sejam exclu\u00eddos. Isso n\u00e3o inclui dados pessoais que voc\u00ea \u00e9 obrigado a manter para fins administrativos, legais ou de seguran\u00e7a.<\/p>\n\n\n\n<p>Para onde seus dados s\u00e3o enviados?<\/p>\n\n\n\n<p>Os coment\u00e1rios dos visitantes podem ser verificados por meio de um servi\u00e7o autom\u00e1tico de dete\u00e7\u00e3o de spam.<\/p>\n","protected":false},"excerpt":{"rendered":"<p>Quem somos O endere\u00e7o do nosso site \u00e9: https:\/\/balconytalents.pt Que dados pessoais s\u00e3o recolhidos e porqu\u00ea coment\u00e1rios Quando os visitantes deixam coment\u00e1rios no site, os dados do formul\u00e1rio de coment\u00e1rios, bem como o endere\u00e7o IP e o agente do usu\u00e1rio do navegador, s\u00e3o registados para ajudar na dete\u00e7\u00e3o de spam. Uma string an\u00f4nima criada a &hellip; <\/p>\n<p class=\"link-more\"><a href=\"https:\/\/balconytalents.pt\/?page_id=59\" class=\"more-link\">Continuar a ler <span class=\"screen-reader-text\">&#8220;Pol\u00edtica de privacidade&#8221;<\/span><\/a><\/p>\n","protected":false},"author":1,"featured_media":0,"parent":0,"menu_order":0,"comment_status":"closed","ping_status":"closed","template":"","meta":{"footnotes":""},"class_list":["post-59","page","type-page","status-publish","hentry"],"yoast_head":"<!-- This site is optimized with the Yoast SEO plugin v27.4 - https:\/\/yoast.com\/product\/yoast-seo-wordpress\/ -->\n<title>Pol\u00edtica de privacidade - Balcony Talents<\/title>\n<meta name=\"robots\" content=\"index, follow, max-snippet:-1, max-image-preview:large, max-video-preview:-1\" \/>\n<link rel=\"canonical\" href=\"https:\/\/balconytalents.pt\/?page_id=59\" \/>\n<meta property=\"og:locale\" content=\"pt_PT\" \/>\n<meta property=\"og:type\" content=\"article\" \/>\n<meta property=\"og:title\" content=\"Pol\u00edtica de privacidade - Balcony Talents\" \/>\n<meta property=\"og:description\" content=\"Quem somos O endere\u00e7o do nosso site \u00e9: https:\/\/balconytalents.pt Que dados pessoais s\u00e3o recolhidos e porqu\u00ea coment\u00e1rios Quando os visitantes deixam coment\u00e1rios no site, os dados do formul\u00e1rio de coment\u00e1rios, bem como o endere\u00e7o IP e o agente do usu\u00e1rio do navegador, s\u00e3o registados para ajudar na dete\u00e7\u00e3o de spam. Uma string an\u00f4nima criada a &hellip; Continuar a ler &quot;Pol\u00edtica de privacidade&quot;\" \/>\n<meta property=\"og:url\" content=\"https:\/\/balconytalents.pt\/?page_id=59\" \/>\n<meta property=\"og:site_name\" content=\"Balcony Talents\" \/>\n<meta property=\"article:publisher\" content=\"https:\/\/www.facebook.com\/btusolutions\" \/>\n<meta property=\"article:modified_time\" content=\"2023-03-20T12:12:33+00:00\" \/>\n<meta property=\"og:image\" content=\"https:\/\/balconytalents.pt\/wp-content\/uploads\/2021\/11\/btu-logo.png\" \/>\n\t<meta property=\"og:image:width\" content=\"256\" \/>\n\t<meta property=\"og:image:height\" content=\"109\" \/>\n\t<meta property=\"og:image:type\" content=\"image\/png\" \/>\n<meta name=\"twitter:card\" content=\"summary_large_image\" \/>\n<meta name=\"twitter:label1\" content=\"Tempo estimado de leitura\" \/>\n\t<meta name=\"twitter:data1\" content=\"4 minutos\" \/>\n<script type=\"application\/ld+json\" class=\"yoast-schema-graph\">{\"@context\":\"https:\\\/\\\/schema.org\",\"@graph\":[{\"@type\":\"WebPage\",\"@id\":\"https:\\\/\\\/balconytalents.pt\\\/?page_id=59\",\"url\":\"https:\\\/\\\/balconytalents.pt\\\/?page_id=59\",\"name\":\"Pol\u00edtica de privacidade - Balcony Talents\",\"isPartOf\":{\"@id\":\"https:\\\/\\\/balconytalents.pt\\\/#website\"},\"datePublished\":\"2021-11-05T13:32:19+00:00\",\"dateModified\":\"2023-03-20T12:12:33+00:00\",\"breadcrumb\":{\"@id\":\"https:\\\/\\\/balconytalents.pt\\\/?page_id=59#breadcrumb\"},\"inLanguage\":\"pt-PT\",\"potentialAction\":[{\"@type\":\"ReadAction\",\"target\":[\"https:\\\/\\\/balconytalents.pt\\\/?page_id=59\"]}]},{\"@type\":\"BreadcrumbList\",\"@id\":\"https:\\\/\\\/balconytalents.pt\\\/?page_id=59#breadcrumb\",\"itemListElement\":[{\"@type\":\"ListItem\",\"position\":1,\"name\":\"Accueil\",\"item\":\"https:\\\/\\\/balconytalents.pt\\\/\"},{\"@type\":\"ListItem\",\"position\":2,\"name\":\"Pol\u00edtica de privacidade\"}]},{\"@type\":\"WebSite\",\"@id\":\"https:\\\/\\\/balconytalents.pt\\\/#website\",\"url\":\"https:\\\/\\\/balconytalents.pt\\\/\",\"name\":\"Balcony Talents\",\"description\":\"\",\"publisher\":{\"@id\":\"https:\\\/\\\/balconytalents.pt\\\/#organization\"},\"potentialAction\":[{\"@type\":\"SearchAction\",\"target\":{\"@type\":\"EntryPoint\",\"urlTemplate\":\"https:\\\/\\\/balconytalents.pt\\\/?s={search_term_string}\"},\"query-input\":{\"@type\":\"PropertyValueSpecification\",\"valueRequired\":true,\"valueName\":\"search_term_string\"}}],\"inLanguage\":\"pt-PT\"},{\"@type\":\"Organization\",\"@id\":\"https:\\\/\\\/balconytalents.pt\\\/#organization\",\"name\":\"BTU SOLUTIONS\",\"url\":\"https:\\\/\\\/balconytalents.pt\\\/\",\"logo\":{\"@type\":\"ImageObject\",\"inLanguage\":\"pt-PT\",\"@id\":\"https:\\\/\\\/balconytalents.pt\\\/#\\\/schema\\\/logo\\\/image\\\/\",\"url\":\"https:\\\/\\\/balconytalents.pt\\\/wp-content\\\/uploads\\\/2021\\\/11\\\/btu-logo.png\",\"contentUrl\":\"https:\\\/\\\/balconytalents.pt\\\/wp-content\\\/uploads\\\/2021\\\/11\\\/btu-logo.png\",\"width\":256,\"height\":109,\"caption\":\"BTU SOLUTIONS\"},\"image\":{\"@id\":\"https:\\\/\\\/balconytalents.pt\\\/#\\\/schema\\\/logo\\\/image\\\/\"},\"sameAs\":[\"https:\\\/\\\/www.facebook.com\\\/btusolutions\"]}]}<\/script>\n<!-- \/ Yoast SEO plugin. -->","yoast_head_json":{"title":"Pol\u00edtica de privacidade - Balcony Talents","robots":{"index":"index","follow":"follow","max-snippet":"max-snippet:-1","max-image-preview":"max-image-preview:large","max-video-preview":"max-video-preview:-1"},"canonical":"https:\/\/balconytalents.pt\/?page_id=59","og_locale":"pt_PT","og_type":"article","og_title":"Pol\u00edtica de privacidade - Balcony Talents","og_description":"Quem somos O endere\u00e7o do nosso site \u00e9: https:\/\/balconytalents.pt Que dados pessoais s\u00e3o recolhidos e porqu\u00ea coment\u00e1rios Quando os visitantes deixam coment\u00e1rios no site, os dados do formul\u00e1rio de coment\u00e1rios, bem como o endere\u00e7o IP e o agente do usu\u00e1rio do navegador, s\u00e3o registados para ajudar na dete\u00e7\u00e3o de spam. Uma string an\u00f4nima criada a &hellip; Continuar a ler \"Pol\u00edtica de privacidade\"","og_url":"https:\/\/balconytalents.pt\/?page_id=59","og_site_name":"Balcony Talents","article_publisher":"https:\/\/www.facebook.com\/btusolutions","article_modified_time":"2023-03-20T12:12:33+00:00","og_image":[{"width":256,"height":109,"url":"https:\/\/balconytalents.pt\/wp-content\/uploads\/2021\/11\/btu-logo.png","type":"image\/png"}],"twitter_card":"summary_large_image","twitter_misc":{"Tempo estimado de leitura":"4 minutos"},"schema":{"@context":"https:\/\/schema.org","@graph":[{"@type":"WebPage","@id":"https:\/\/balconytalents.pt\/?page_id=59","url":"https:\/\/balconytalents.pt\/?page_id=59","name":"Pol\u00edtica de privacidade - Balcony Talents","isPartOf":{"@id":"https:\/\/balconytalents.pt\/#website"},"datePublished":"2021-11-05T13:32:19+00:00","dateModified":"2023-03-20T12:12:33+00:00","breadcrumb":{"@id":"https:\/\/balconytalents.pt\/?page_id=59#breadcrumb"},"inLanguage":"pt-PT","potentialAction":[{"@type":"ReadAction","target":["https:\/\/balconytalents.pt\/?page_id=59"]}]},{"@type":"BreadcrumbList","@id":"https:\/\/balconytalents.pt\/?page_id=59#breadcrumb","itemListElement":[{"@type":"ListItem","position":1,"name":"Accueil","item":"https:\/\/balconytalents.pt\/"},{"@type":"ListItem","position":2,"name":"Pol\u00edtica de privacidade"}]},{"@type":"WebSite","@id":"https:\/\/balconytalents.pt\/#website","url":"https:\/\/balconytalents.pt\/","name":"Balcony Talents","description":"","publisher":{"@id":"https:\/\/balconytalents.pt\/#organization"},"potentialAction":[{"@type":"SearchAction","target":{"@type":"EntryPoint","urlTemplate":"https:\/\/balconytalents.pt\/?s={search_term_string}"},"query-input":{"@type":"PropertyValueSpecification","valueRequired":true,"valueName":"search_term_string"}}],"inLanguage":"pt-PT"},{"@type":"Organization","@id":"https:\/\/balconytalents.pt\/#organization","name":"BTU SOLUTIONS","url":"https:\/\/balconytalents.pt\/","logo":{"@type":"ImageObject","inLanguage":"pt-PT","@id":"https:\/\/balconytalents.pt\/#\/schema\/logo\/image\/","url":"https:\/\/balconytalents.pt\/wp-content\/uploads\/2021\/11\/btu-logo.png","contentUrl":"https:\/\/balconytalents.pt\/wp-content\/uploads\/2021\/11\/btu-logo.png","width":256,"height":109,"caption":"BTU SOLUTIONS"},"image":{"@id":"https:\/\/balconytalents.pt\/#\/schema\/logo\/image\/"},"sameAs":["https:\/\/www.facebook.com\/btusolutions"]}]}},"_links":{"self":[{"href":"https:\/\/balconytalents.pt\/index.php?rest_route=\/wp\/v2\/pages\/59","targetHints":{"allow":["GET"]}}],"collection":[{"href":"https:\/\/balconytalents.pt\/index.php?rest_route=\/wp\/v2\/pages"}],"about":[{"href":"https:\/\/balconytalents.pt\/index.php?rest_route=\/wp\/v2\/types\/page"}],"author":[{"embeddable":true,"href":"https:\/\/balconytalents.pt\/index.php?rest_route=\/wp\/v2\/users\/1"}],"replies":[{"embeddable":true,"href":"https:\/\/balconytalents.pt\/index.php?rest_route=%2Fwp%2Fv2%2Fcomments&post=59"}],"version-history":[{"count":4,"href":"https:\/\/balconytalents.pt\/index.php?rest_route=\/wp\/v2\/pages\/59\/revisions"}],"predecessor-version":[{"id":300,"href":"https:\/\/balconytalents.pt\/index.php?rest_route=\/wp\/v2\/pages\/59\/revisions\/300"}],"wp:attachment":[{"href":"https:\/\/balconytalents.pt\/index.php?rest_route=%2Fwp%2Fv2%2Fmedia&parent=59"}],"curies":[{"name":"wp","href":"https:\/\/api.w.org\/{rel}","templated":true}]}}